e highest common divisor of d and 13.
13
Let x be -10 - -6 - (-75234)/27 - 88/198. What is the highest common divisor of x and 26?
26
Let w(g) = -43 - 50 - 25 + 659*g - 1322*g + 658*g. Let m be w(-42). What is the greatest common divisor of 506 and m?
46
Suppose -191 = -8*q + 145. Let r(n) = -2*n**2 + 91*n + 102. Let u be r(38). Calculate the greatest common divisor of u and q.
42
Suppose -3*k + 338 = 4*a, -170 - 138 = -4*a + 2*k. What is the highest common divisor of 260 and a?
20
Suppose 0 = c + 77 - 174. Let r = c + -57. Let j = r - 24. What is the greatest common divisor of j and 112?
16
Suppose -202*u + 206*u - 32 = 0. Suppose 9*k + 4 = 31. Calculate the highest common factor of u and k.
1
Let j(n) = 115*n - 1020. Let c be j(9). Let l = -5 + 7. Suppose -d - 2*w + 18 = -w, 5*d - l*w = 69. Calculate the greatest common factor of c and d.
15
Let w(t) = -306*t + 865. Let k be w(-31). Calculate the greatest common divisor of k and 11.
11
Let s = -137 - -141. Suppose s*v = 395 - 111. Calculate the greatest common divisor of v and 639.
71
Let o be ((-2)/(-4))/(2 + (-216)/112). Suppose 11*h - 24 = o*h. Suppose -h*l + 3*l - 10 = 2*k, -3*l = 12. What is the greatest common divisor of k and 9?
1
Suppose 5*c - 3*k - 45 = 0, -2*k = -0*k + 10. Suppose -2*x + c = -166. Suppose 82 - x = -m. Calculate the highest common divisor of m and 18.
2
Let v be 0 - (-2420 - (7 + -11)). What is the greatest common divisor of 2114 and v?
302
Let q = -6269 + 6593. Calculate the greatest common divisor of 13122 and q.
162
Let s(t) = 243*t**2 + 3*t. Let z be s(-1). Let m = z + -60. Calculate the greatest common factor of m and 108.
36
Suppose 3*f + 2*t - 28034 = 0, -1307*t = f - 1309*t - 9342. Calculate the greatest common divisor of f and 146.
146
Let n = -5209 + 5501. Calculate the greatest common factor of 20 and n.
4
Suppose 4 = -h - 0, 0 = 2*u + 5*h - 40. Let v be (u/6)/(2/22). What is the greatest common divisor of v and 22?
11
Let n(k) = 4*k**2 - 30*k + 40. Let i be n(7). Let b = 59 - i. Let a = 2 + 31. Calculate the highest common factor of a and b.
33
Let y(r) = 4*r**3 - 19*r**2 + 40*r - 9. Let v be y(18). Calculate the highest common divisor of 9 and v.
9
Suppose -4*x = -3*r - 647, -69*r = -5*x - 74*r + 835. Calculate the highest common divisor of 41 and x.
41
Let s be ((-4)/(-4))/1*55. Let p = 153 - 148. Suppose -3*d + 2 = -p*d + 4*c, -5*d - c + 28 = 0. Calculate the highest common divisor of d and s.
5
Let a be (-176)/(-6)*((-51)/(-102) + -1 + 2). Calculate the greatest common factor of a and 979.
11
Suppose -i - 118 = -63. Let m = -48 - i. What is the greatest common divisor of 49 and m?
7
Let w = 33 - 9. Let r(a) = -a**3 + 3*a**2 - 2*a + 3. Let y be r(2). Suppose y*h = 27 + 9. Calculate the highest common factor of w and h.
12
Let m = -37 + 18. Let x be -1 - 2/((-32)/12)*-48. Let t = m - x. Calculate the greatest common divisor of 198 and t.
18
Let d = 223 + -216. Let h be 1*(2 + -1)/(d/14). Calculate the highest common divisor of 26 and h.
2
Suppose 27*l + 72*l = 43659. Let k be 1/(0 + (-3)/(-189)). Calculate the highest common divisor of k and l.
63
Let k be (4 - (1 + 4)) + 1*33. Suppose -44*m + k*m = -360. Calculate the greatest common divisor of 20 and m.
10
Let a(w) = 5*w**2 + 460*w + 209. Let h be a(-92). What is the greatest common divisor of h and 473?
11
Suppose z - 1564 = -o, 54*o - 53*o = 0. Calculate the highest common factor of z and 68.
68
Suppose -4*o = c - 225, -c = 5*o - 502 + 222. What is the highest common factor of o and 220?
55
Suppose 4*n - 3*p - 8716 = 0, 4*n - 9*n + 3*p + 10892 = 0. Calculate the greatest common divisor of n and 17.
17
Let c be (72/(-45))/((-44)/55) + 1*408. What is the greatest common factor of 18 and c?
2
Suppose 0 = 6*m - 18 - 30. Let i(y) = 4*y**2 - 20*y. Let w be i(m). Let x be (-3*4)/((-9)/w). Calculate the highest common divisor of x and 16.
16
Suppose 0 = -2*u - 3*u + 1025. Suppose 6*s + u = s. Let w = s + 52. What is the greatest common divisor of w and 1?
1
Suppose 609 + 1181 = 5*h. Suppose h = 3*y - 308. Suppose m + 1 = 0, -4*f - 3*m + y = -119. What is the highest common divisor of f and 215?
43
Suppose 0*b - 1432 = -3*b - 4*p, 0 = b - 3*p - 486. Suppose 0 = 2*z - f - 275, 2*z + f + 195 = b. Calculate the greatest common divisor of 224 and z.
28
Let h(y) = -y**2 - 13*y - 20. Let a be h(-5). Suppose -24*g + 29*g - a = 0. Calculate the highest common divisor of g and 4.
4
Let p = 54 + -26. Suppose -g + 3*k = -0*g - 14, 5*g - 28 = k. Let b be (g/((-105)/98))/(1/(-3)). What is the highest common divisor of p and b?
14
Let a = 67 - -708. Let l = a + -552. Suppose 0 = -4*b + 77 + l. What is the greatest common divisor of 15 and b?
15
Let y = -96 - -136. Let o(i) = 16*i**2 - 17. Let c be o(-8). Let j = 1015 - c. Calculate the greatest common divisor of j and y.
8
Suppose -537 = -d + 5*o, 595*o - 502 = -d + 593*o. Calculate the greatest common factor of 24 and d.
8
Let o be (-5)/10*-1*(534/6 + 1). Let y = 1063 + -298. Calculate the highest common factor of y and o.
45
Let x = -475 - -486. Suppose -4*d + 2270 = 2*v, v = 5*d - 0*d - 2834. Suppose 3*n - 10 = -2*n, -3*n = 3*q - d. What is the highest common factor of q and x?
11
Suppose o + 6 = -3*b + 25, -9 = -b - o. Suppose 10*c + d + 232 = 14*c, -b*d + 315 = 5*c. Calculate the highest common divisor of 1 and c.
1
Suppose 5*t - 189 = -49. Let z = t - -98. Let r(f) = -21*f. Let q be r(-1). Calculate the highest common divisor of q and z.
21
Let f be ((39 + -38)/(4/(-5)))/(4/(-22128)). What is the highest common divisor of 15 and f?
15
Let h be ((-20)/((-20)/(-9)))/(172/88 - 2). Calculate the greatest common divisor of h and 18.
18
Let k = 12 - -1. Let u be (2 - 15)/((-456)/56 - -8). Calculate the highest common divisor of u and k.
13
Suppose -110*d = -131*d + 1260. Let s be 2 - 3 - (0 - 0). Let m be 17 + (s*9)/(-3). What is the highest common factor of m and d?
20
Suppose 2*n + 2546 = 2770. What is the highest common divisor of 77 and n?
7
Let f = -4779 - -4969. What is the greatest common divisor of 50 and f?
10
Suppose 4165 + 335 = 11*u + 4*u. Calculate the highest common factor of 90 and u.
30
Suppose 28*g - 64 - 1876 = 356. Calculate the highest common divisor of g and 11521.
41
Let a be 0 + 41/((-1)/(-1)). Let x = 2167 + -989. Let y = -727 + x. Calculate the highest common divisor of a and y.
41
Let h(d) = -3*d**3 - d**2 - 4*d + 5. Let t be h(-5). Suppose 886 + 114 = 42*s + 370. What is the highest common factor of s and t?
15
Let l(p) = 37*p - 129. Let t be l(-4). Let c = 361 + t. Let m(i) = i**2 - i + 2. Let j be m(4). What is the greatest common factor of c and j?
14
Suppose -16*c = -19*c + 33. Suppose 2*q + 548 = 5*a, c*a - 10*a - 112 = q. What is the highest common divisor of a and 378?
54
Suppose 0 = 61*r - 69*r + 40. Suppose 0 = -o + 2*a + 116, -r*a + 97 = 3*o - 218. Calculate the greatest common divisor of 11 and o.
11
Suppose 5*s + 41*s = 40572. Calculate the highest common factor of s and 42.
42
Let b be 4/(-3)*(1362/4)/1. Let n = b + 284. Let c be 3/(-6)*1*n. Calculate the highest common divisor of 5 and c.
5
Let z = 464 + -365. Let m = z + -88. Calculate the greatest common factor of m and 352.
11
Let s be 33/(-44) + ((-1107)/12 - 2). Let n = -75 - s. Suppose -y = 2*j - 4*j + 315, -j + 5*y = -135. Calculate the highest common factor of j and n.
20
Let a(p) = p**2 - 10*p - 18. Let j be a(12). Let m be ((-1985)/(-15) + j)*3. What is the highest common divisor of 166 and m?
83
Let h be ((140/3)/(-5))/((-8)/696). Suppose 4*r = -4*p + h, -r + 193 = 3*p - 420. Calculate the greatest common factor of 41 and p.
41
Let m(o) = -5*o - 22. Let y be m(-5). Suppose -3*i - 4*k + 15 = 0, -7*i + 4*k = -y*i - 20. What is the greatest common factor of 15 and i?
5
Suppose -3*m + 66 = -70*w + 67*w, 4*m + w - 58 = 0. Let g = 1 - 0. Calculate the highest common divisor of m and g.
1
Suppose -3*a = 2*a - j - 20, -4*j = 3*a - 35. Suppose -360 = -5*t + a*d, -2*t = -d - 89 - 58. Calculate the greatest common divisor of t and 15.
15
Let l = -195 - -200. Suppose 69 = 4*m - g, 0*g + 100 = l*m - 4*g. Suppose 2*c - 105 - 55 = 0. What is the greatest common divisor of c and m?
16
Let u(z) = -z**2 - 10*z - 21. Let d be u(-4). Let g be (-37 - (4 - d))/(1 + -2). What is the high